prime factors of h.
2, 17
Let i be 508/(-14) - 2/(-7). List the prime factors of 50/12 + 6/i.
2
Let a(k) = -k**2. Let u(f) = -2*f**2 - 6*f - 7. Suppose -4*j + 4 = -0. Let d(v) = j*a(v) - u(v). List the prime factors of d(-5).
2
Let n be -1 + (-2)/(-1 + 3). Let z be (-174)/(-12) - (-1)/n. Suppose 3*b = b + z. What are the prime factors of b?
7
Let v(n) = -n**2 - 7*n + 7. Let y be v(-7). Let s = y + -10. What are the prime factors of (-2)/s - (-42)/18?
3
Suppose -137*m = -142*m + 930. What are the prime factors of m?
2, 3, 31
Suppose -2*n + 2*p + 109 = -n, 3*p = -12. What are the prime factors of n?
101
Let f be 35/25 + 2/(-5). Let r(b) = 24*b**3 + 2*b**2 - 1. List the prime factors of r(f).
5
Let a(f) = 2*f**2 - f - 1. Let g be a(-1). Suppose 3*v + 48 = -5*d, -30 = 3*d + 5*v + g. Let m = 16 + d. List the prime factors of m.
7
Let p = 168 + -4. What are the prime factors of p?
2, 41
Let c(u) = -u**3 + 5*u**2 + 6*u - 3. Let a be c(6). Let w = -5 - a. List the prime factors of (-8)/(5/(-2) - w).
2
Suppose 3*g + 2*p - 156 = -p, 163 = 4*g - 5*p. Let h = 67 - g. What are the prime factors of h?
2, 5
Suppose -3*r - 27 = -4*r. List the prime factors of r.
3
Let u(c) = -c + 5. Let i be u(3). Suppose -36 = -i*v + 30. What are the prime factors of v?
3, 11
Let n(s) be the first derivative of -s**3 - 3*s**2 - 7*s - 4. Let o be n(-5). Let w = -31 - o. List the prime factors of w.
3, 7
Let z be -1 + 81 + -2 + 2. Suppose 3*w + z = 8*w. What are the prime factors of w?
2
Let x = 44 - 30. Suppose -3*j + 41 = 2*z, z = j - 2*j + x. What are the prime factors of j?
13
Suppose 0 = 3*h - 12, 0*n = 4*n - 3*h - 300. Suppose -n = -2*w - w. What are the prime factors of w/3 - (-1)/3?
3
Suppose y - 54 = -4*a, 5*y - 3*y - 5*a = 69. Suppose 2 - y = -d. What are the prime factors of d?
2, 5
Let v be -2 + 2/(-3 + 1). Let j(o) = 2*o**2 + 8*o + 1. Let k(b) = -2*b**2 - 8*b - 2. Let l(c) = v*k(c) - 2*j(c). List the prime factors of l(-5).
2, 7
Let h(g) = -3*g + 25. List the prime factors of h(-17).
2, 19
Let g = -13 - -19. Suppose -3*c - 5*q + 20 + 41 = 0, 3*q - g = 0. What are the prime factors of c?
17
Suppose -30 = -u - 4*u. Suppose 4 = 2*l - u. Suppose 0 = l*c - 3*c - 10. List the prime factors of c.
5
Suppose 0 = -4*w + 9*w - 210. List the prime factors of w.
2, 3, 7
List the prime factors of (-1194)/(-30) + 2/10.
2, 5
Suppose -3*y - 14 = -c, 3 - 1 = -3*c - 2*y. Let x = c - -7. List the prime factors of x.
3
Suppose -5*h + y + 55 + 110 = 0, -4*y = -5*h + 165. List the prime factors of h.
3, 11
Let b = -11 - -17. List the prime factors of b.
2, 3
Let x = -4 + 2. What are the prime factors of 465/30 - (-1)/x?
3, 5
Let g = 7 + 16. What are the prime factors of g?
23
Suppose 3*s = -0*s + 6. Suppose s*y + 1 = 17. List the prime factors of y.
2
Suppose 2*m - 12 + 4 = 0, 5*r - 281 = -4*m. Let p = -8 + r. What are the prime factors of p?
3, 5
Let q(t) = 12*t - 1. Let a be q(1). Let i = -5 + a. Suppose -16 = -2*n + 4*s, 0 = i*n - 2*n + 2*s - 62. List the prime factors of n.
2, 7
Let z(g) = 12*g - 51. What are the prime factors of z(36)?
3, 127
Suppose 8 = -4*o - 8. What are the prime factors of (-12)/(o/(-3 + 19))?
2, 3
Let l(h) = -145*h**3 + 4*h**2 + 5*h + 2. What are the prime factors of l(-1)?
2, 73
List the prime factors of 4*(1 - (-1)/(-2)).
2
Suppose 3 + 13 = 4*r. Let p = 21 - r. Let b = p - 7. What are the prime factors of b?
2, 5
Let r(i) = -i**2 - i. Let v be r(1). Let y = v - -4. Suppose -5*m = y*w + 12, w + 2 - 10 = m. List the prime factors of w.
2
Suppose a - 1400 = -7*a. What are the prime factors of a?
5, 7
Suppose 4*g - 5*j - 166 = 0, -g + 3*j = 5*j - 48. Let v = g - 28. Suppose 4*p - 6*p + v = 0. List the prime factors of p.
2
Suppose 8 = -2*d + 28. Let h(b) = b**2 - 10*b + 10. What are the prime factors of h(d)?
2, 5
Suppose l + 3 = 3*n, 3*n - 1 - 2 = -4*l. Suppose 0 = 2*q - 7*q - 20, -3*z + 5*q + 77 = l. What are the prime factors of z?
19
Let m(q) = 7*q - 1. Let z be m(1). Let g be 16/z*(-27)/(-12). Suppose g = a + 2*a. List the prime factors of a.
2
Suppose -45 = 4*w + w. Let y be (-3)/w*3 - 1. Suppose y*s + 2*h + 30 = 4*s, 3*s - 4*h - 20 = 0. What are the prime factors of s?
2
Suppose 0 = 5*m - 6 + 1. List the prime factors of ((-19)/m)/((-9)/9).
19
Suppose -8*h + 228 = -4*h. Suppose -h = -3*y - 2*q, -71 = -4*y - 3*q + 6. List the prime factors of y.
17
Let f be -5*((-18)/15)/2. Suppose 6*i = f*i + 108. Suppose 3*x - 15 - i = 0. List the prime factors of x.
17
Suppose -4*d - 346 = -6*d. List the prime factors of d.
173
Let r(p) = 3*p - 3. Let b be r(6). What are the prime factors of 10/(-4)*(-48)/b?
2
Let p = 8 + 4. Let z be 4/(-2)*(-9)/6. Suppose -b + 5*b + z*i = p, -b - 2*i = -3. What are the prime factors of b?
3
Let s(w) = 2*w - w**3 - 4*w**2 - 7 + 5 + 2*w**3. Let i be s(4). Suppose -21 = -i*z + 3*z. List the prime factors of z.
7
Let v(t) = t**3 - 9*t**2 + 7*t + 7. Let f be v(8). Let p be -3*((-8)/(-3))/(-2). Let l = p - f. What are the prime factors of l?
5
Let a(b) = b**3 + 5*b**2 + 4*b + 4. Let p be a(-4). Suppose -8 - 16 = -2*u + p*w, 6 = -2*u - 2*w. Let i = u + 2. What are the prime factors of i?
2
Let b(z) = 17*z**2 - 9*z + 24. List the prime factors of b(4).
2, 5, 13
Let v = 28 - 19. Suppose 2*g + 2 = 0, 3*j - 6*g - v = -3*g. Suppose 28 = j*d + 4. What are the prime factors of d?
2, 3
Let j be ((-18)/(-4) - 2)*2. Suppose -5*m + 0*m - j*r + 35 = 0, 8 = 4*m - r. What are the prime factors of m?
3
Let f = -18 + 82. List the prime factors of f.
2
Let x = -43 - -107. What are the prime factors of x?
2
Suppose 4*u + x - 17 = -0*x, 2*u = -5*x + 31. Suppose -2*l + 139 = -7*l - u*o, -o + 2 = 0. Let k = 40 + l. List the prime factors of k.
11
Let a(n) = 7*n**3 - 5*n**2 + 7*n + 8. Let y(f) = f**3 - f**2 + f + 1. Let k(q) = a(q) - 6*y(q). Let v be k(-2). Let z = 9 + v. What are the prime factors of z?
5
Let g(l) = 44*l**3 - 2*l**2 + l. List the prime factors of g(1).
43
Let r be -2*(-3 - -2)*3. List the prime factors of (3 - 1)*45/r.
3, 5
List the prime factors of 8/(-36) - 119/(-9).
13
Let n be 4/(-2)*10/(-5). Suppose -1 = 3*v - 3*c - 28, 2*c = n*v - 30. Suppose -4*l - v = -6*l. What are the prime factors of l?
3
List the prime factors of (2*(-22)/(-4))/(1/4).
2, 11
Suppose 108 = 5*p - 27. What are the prime factors of p - (0 + 0/(-1))?
3
Let f(s) = -6*s. Let b be f(-1). What are the prime factors of (20/b)/((-2)/(-3))?
5
Suppose 2*f + 3*k = -f + 186, -60 = -f - 2*k. What are the prime factors of f?
2
Suppose 7 = 3*q - 5. Suppose -2*k = -3*k + q. What are the prime factors of k?
2
Let r = -7 + 3. Let i = 13 + r. List the prime factors of i.
3
Let k = 90 + 58. List the prime factors of k.
2, 37
Let f be (2 - 3)/(2/(-22)). Suppose -26 = -3*m - f. Suppose -m*a + 54 + 6 = 0. List the prime factors of a.
2, 3
Let y(g) = -9*g**2 + 11*g - 15. Let p(s) = 5*s**2 - 6*s + 8. Let v(h) = 11*p(h) + 6*y(h). Let w be v(2). Suppose w*m - 11 = m. List the prime factors of m.
11
Let a(g) = -2*g + 28. List the prime factors of a(-21).
2, 5, 7
Suppose -6*l + 396 = -0*l. List the prime factors of l.
2, 3, 11
Let o(a) be the third derivative of a**5/30 + a**4/6 - 5*a**3/6 + 4*a**2. Let v be o(-7). Suppose 0 = 3*z + 2*z - v. List the prime factors of z.
13
Let k(n) = 5*n + n**2 + n - 4 - 5*n. Let q be k(-3). Suppose -q*t = 3*m - 11, 0 = -4*t - t - 2*m + 33. List the prime factors of t.
7
Let k be (12/(-2) + -2)/(-2). Suppose 42 = 2*s + k*o, s - 3*s + 42 = 5*o. Let g = 32 - s. List the prime factors of g.
11
Let y = -42 + 144. What are the prime factors of y?
2, 3, 17
Suppose -t - 10 = 4*h, 5*t + 2*h - 3*h = -50. Let j = t + 13. What are the prime factors of j?
3
Let n be 8/(-10)*(-45)/6. Let p be n/(0 - 2 - -4). Suppose 0 = -p*t - t + 24. List the prime factors of t.
2, 3
Suppose 0*u - 2*u = -10. Suppose p + x + 30 = 3*p, x - 82 = -u*p. Let t = 30 - p. List the prime factors of t.
2, 7
Let y be (-114)/(-7) - 2/7. Let b(w) = w**3 - 3*w**2. Let o be b(0). Suppose g + g - y = o. List the prime factors of g.
2
Let i(y) = y**2 - 6*y + 7. Let a be i(5). Suppose -a*v + 4*o + 14 = -16, -13 = -v + o. Suppose -3*z = -v - 7. List the prime factors of z.
2, 3
Let s be 2*(-2 + 21/2). Suppose -s = -3*l + 16. List the prime factors of l.
11
Let l(a) = 2*a - 1. Suppose 2*m = 3*x - 7, 2*x + 4 + 